ue
Let r = 9 - 23. Let q(k) = 83*k + 74*k - 25 + 93*k - 256*k. Is q(r) prime?
True
Suppose 6*d - 5 - 7 = 0. Is 166592/240 + d/(-15) prime?
False
Suppose -110*l + 109*l + 475332 = 4*n, -n = l - 118839. Is n composite?
False
Let h(q) = -2*q**3 - 58*q**2 - 144*q + 217. Is h(-34) a prime number?
True
Let i be 1*4 - 2/2. Let w be (3/(-3) - (4 + -2)) + 148 + -140. Suppose l + 17980 = w*q, i*q - 5573 = -l + 5207. Is q prime?
False
Let z(t) = 211*t - 10. Let k(h) = -h**3 - 18*h**2 + 18*h - 24. Let o be k(-19). Let n be z(o). Let c = -586 - n. Is c prime?
True
Suppose 2*g + 4*g = 120. Suppose 4*b + 0*b = g, 0 = -5*d + b + 3990. Let o = d + -537. Is o composite?
True
Let a = -4 + 1. Let b(i) = -i**3 - i**2 + 4*i - 1. Let u be b(a). Let w(r) = 37*r**2 + 10*r + 10. Is w(u) prime?
False
Let a(h) = h**2 + 15*h + 58. Let n be a(-7). Suppose -n*f + 6184 - 1398 = 0. Is f prime?
True
Suppose -9 = 2*c + 21. Is ((-3129)/c)/((-16)/(-80)) a prime number?
False
Let z(f) = f**2 - 9*f - 31. Let n be z(11). Let h(c) = -479*c - 42. Is h(n) a composite number?
True
Let f(g) = 123*g**2 + 9*g + 125. Is f(-9) prime?
True
Let s = -27735 - -43162. Is s prime?
True
Let w(y) be the second derivative of 9/2*y**3 - 4*y**2 + 0 + 22*y. Is w(19) a composite number?
True
Suppose -x = -4135 + 1349. Let k = 1947 + x. Is k*(-2)/(-2) + 12 + -12 a composite number?
False
Let d(h) = -142*h**3 - 11*h**2 + 46*h + 220. Is d(-9) a composite number?
False
Let i = 675 - 665. Suppose 0*o = -4*x + 3*o + 37102, 0 = 5*o - i. Is x a composite number?
False
Suppose -179*k - 16*k + 169455 = 0. Is k composite?
True
Is 1926945/30*((-40)/(-78) + (-20)/(-130)) composite?
False
Let k be 116728/6 + -6 - 1/(-3). Suppose -265*s - k = -274*s. Is s composite?
False
Suppose -39*v + 32*v = 154. Let p(a) = 46*a**2 + 21*a - 45. Is p(v) a composite number?
False
Let d(g) = -308*g + 1. Let n(f) be the third derivative of 77*f**4/6 - f**3/6 + 16*f**2. Let h(i) = 5*d(i) + 6*n(i). Is h(1) composite?
False
Suppose 0 = -117*i + 111*i - 6. Let k(u) = -494*u**3 - 3 - 2*u**2 + 8*u - 888*u**3 - 12*u. Is k(i) prime?
True
Suppose -1 = g - 5. Let z be 1*(g + 6/(-3)) - 1. Is 1/((-1)/z) + 501 + 2 composite?
True
Suppose -2*d - 2*d + g + 31527 = 0, 5*d = -g + 39402. Let r = d + -5360. Is r a prime number?
True
Let q(l) = -l**2 - 22*l + 46. Let f be q(-23). Suppose -14*z + f*z = 1467. Is z a composite number?
False
Let q = 166991 + -75492. Is q a composite number?
False
Suppose 12*v - 31042 = 1141342 - 92108. Is v composite?
False
Suppose 461241 = 3*n - 2*m, 10*n - 12*n + 3*m = -307489. Is n prime?
True
Let s = 125607 + -59280. Is s a composite number?
True
Suppose 0 = -s - 5*g - 8, s - 6 = -3*s - g. Suppose 2*j + 0*b - b + 3 = 0, 4 = -2*j + s*b. Is j + -4 + 0 + 1054 composite?
False
Let l = 3607 - 5695. Let j(k) = -306*k**2 - 8*k - 18. Let r be j(-2). Let f = r - l. Is f a composite number?
True
Let b(k) = 14*k**2 - 6*k - 20. Let y(s) = -s**2. Let a(h) = -b(h) + 2*y(h). Let z be a(8). Let r = -615 - z. Is r composite?
True
Let i(a) = 353*a**2 + 9*a - 3. Suppose -28 = -0*u + 4*u. Is i(u) a composite number?
False
Let z(s) = 33*s**3 + 2*s**2 - s + 1. Let j = -224 - -227. Is z(j) prime?
True
Let j be (-18)/12 + 9012/8. Let c = j - 338. Is c composite?
False
Let n be (-32)/(-6)*(92 + 1). Let i = -179 + n. Suppose 7*u - 8*u + i = 0. Is u prime?
True
Suppose 4849 + 192481 = 10*b. Suppose -140*k + b = -133*k. Is k a prime number?
True
Let v(w) be the first derivative of w**4/4 - w**3 - 25*w**2/2 + 4*w - 8. Let q(f) be the first derivative of v(f). Is q(-10) a composite number?
True
Let u = 16735 - -144222. Is u a prime number?
False
Suppose -c = -2*c - 4, m = -c + 7. Is m/(55/2)*39335/2 a composite number?
False
Let x(t) = -2*t**3 - 7*t**2 + 4*t + 10. Let s be x(-9). Let i = s + 14. Is 0 + 3/(9/i) composite?
False
Let m(q) = 5507*q + 10. Let j be m(-3). Let a = 23822 + j. Is a prime?
False
Let q = 140 - 227. Let b = 2 - q. Is b a prime number?
True
Suppose -3*c + 30 = 4*u - u, 0 = 4*c - 2*u - 46. Suppose c*t = 3*t + 24952. Is t a composite number?
False
Let p(j) = 371*j - 39. Let v(m) = 2*m**2 + 19*m. Let f be v(-10). Is p(f) a composite number?
False
Suppose 51 = 3*d + 4*r - 3*r, -5*r = -5*d + 85. Let q(y) = -47*y - 153. Let v(z) = 18*z + 51. Let w(t) = 4*q(t) + 11*v(t). Is w(d) composite?
True
Suppose 206*t = 196*t + 2930. Is t a composite number?
False
Let g = 162 - 87. Let q be (-15)/g + 22/10. Suppose -w + q*w = 553. Is w composite?
True
Let k = 829 - 197. Suppose -g + 609 + k = 0. Is g composite?
True
Let w(b) = -b**3 + 4*b**2 + 11*b - 1. Let t be w(6). Let c = 13 + t. Is (-208)/24*(-9)/c a prime number?
True
Let a = 16152 + -6366. Suppose 72*t - a = 66*t. Is t prime?
False
Let j(y) = y**3 + 93*y**2 + 71*y - 1051. Is j(-64) a prime number?
True
Suppose -5*x - 4*f + 23784 = -109553, 0 = 4*x - 3*f - 106682. Is x prime?
True
Let z(t) be the second derivative of -t**5/20 - t**4/2 - 29*t**3/6 - 10*t**2 - 13*t. Let x be z(-20). Suppose -5*k + x = -8055. Is k a prime number?
True
Let u(g) be the second derivative of -g**3/3 - 11*g**2 + 31*g. Let m be u(-13). Suppose -m*d + 4915 = d. Is d composite?
False
Suppose v - 14 = 4*k, 3*k - k + 8 = v. Suppose -5*z - 22126 = -v*m, -z - 13266 = 2*z + 2*m. Let y = -2737 - z. Is y prime?
False
Let u(d) = -2*d**2 - 20*d + 6. Let v be u(-10). Suppose v = -5*h - r, h - 5*r + 0 = 4. Is (-12)/3 + 82 - h prime?
True
Let k = 212 - 214. Is -2 - (12 + -14604) - (-10)/k a composite number?
True
Let n(b) = 1307*b + 171757. Is n(0) a composite number?
False
Is (51872162/(-1337))/((-2)/7) a composite number?
True
Let n be 7 - ((-2)/11 - (-46)/11). Suppose 4*x + 14587 = n*i, 3*x = -5*i + x + 24303. Is i composite?
False
Let u = 47 + -42. Suppose -3*c - z = -212, -u*c - 6*z = -2*z - 365. Is (c/(-23))/(3/(-263)) prime?
True
Suppose z = i - 85, 5*z = 9*i - 6*i - 263. Suppose -82*m = -i*m - 27611. Is m prime?
True
Let m be -4 + -6*(-8)/12. Suppose m = -z + 6 - 4. Suppose 2*o - 6*n + 2*n - 636 = 0, 0 = -3*o + z*n + 946. Is o a prime number?
False
Suppose 4*l = o + 728069, 0 = 2*l - 27*o + 25*o - 364036. Is l prime?
False
Let q(x) = -4*x - 40 + 6*x - x**2 - 11*x - 4*x. Let l be q(-8). Suppose l = 5*h - 2*h - 465. Is h a prime number?
False
Suppose 5*o - 2*j - 191127 = 399492, 4*o = -5*j + 472548. Is o composite?
False
Let o(a) = 699*a**2 + 4*a + 21. Let s(i) = 466*i**2 + 3*i + 14. Let g(r) = -5*o(r) + 8*s(r). Is g(6) a composite number?
False
Suppose 7*m - 19 = -5*w + 11*m, -w = -2*m - 5. Suppose -w*v + 3481 = f - 2340, -f + 5837 = -v. Is f composite?
True
Let h be (4 - (-188)/16) + (-1)/(-4). Let n = 22 - h. Suppose 2*q + 5*l + 385 = n*q, -4*q + 3*l + 383 = 0. Is q a composite number?
True
Let w = -9544 + 23822. Let t = w - 9249. Is t a composite number?
True
Suppose -151*y - 33 = -162*y. Suppose 2*r - 1949 = 4*u - 24965, 2*r = -y*u + 17269. Is u composite?
True
Suppose -281*n = -222*n - 171411107. Is n a composite number?
True
Let h(j) = -43 - j - 43 + 84. Let y be h(-5). Suppose -7657 = -f - y*f - 5*r, 9566 = 5*f + r. Is f a composite number?
False
Suppose -2*w = 3*k + 63260, -2*w = 2*k + 61252 - 19082. Is 6/(-9) + k/(-18) a composite number?
False
Let a(z) = z**2 + 2*z + 45. Let r be a(0). Suppose -24*w = -25*w + r. Suppose -w*x + 4965 = -42*x. Is x a prime number?
False
Is (44/176)/(-3 - 1994825/(-664940)) a prime number?
True
Suppose 4*z - 4466 = -16366. Let j = z + 4518. Is j composite?
False
Let x(s) = s**2 - s + 2. Let u(p) = -432*p**2 + 76*p - 1. Let w(v) = -u(v) - 4*x(v). Is w(6) a prime number?
True
Suppose -3116919 = -2*w - 5*h + 1199374, 5*w + 11*h = 10790722. Is w a prime number?
True
Let y(s) = s**2 - 36*s - 52. Let t be y(38). Suppose -t*l - 7563 = -27*l. Is l a prime number?
True
Let b be 405/108*(-4)/(-3). Suppose 2*t = -t - b*x + 11221, 4*t - 14966 = -2*x. Is t prime?
False
Let i(r) = -r**3 - 13*r**2 + 4*r - 62. Let z be i(-26). Suppose -2*d - 16*d + z = 0. Is d prime?
True
Suppose w = -5*c + 82, 3*c - 42 = -2*w + 129. Suppose -6*p + w = -3*p. Let i = p + 5. Is i prime?
False
Let p(m) = -m**2 + m + 21. Let s be p(-4). Is (0 + s)*(-13998)/(-6) composite?
False
Let h(x) = 1022*x**2 - 2*x - 2. Let f be h(-2). Let g be (3 + (-39)/21)/(6/21). Suppose -5*b - 5*k = -f, 1505 = 2*b + g*k - 141. Is b prime?
